 4)*g. Suppose 5*i - 179 - 176 = a. List the prime factors of i.
71
Suppose -2*p = -5*w + 76038, -4*p = -3*w + 20645 + 24961. What are the prime factors of w?
2, 3, 5, 13
Let p = 24 + -11. List the prime factors of 259 - p/((-65)/30).
5, 53
Let j be 5 - ((-74)/629 - 8464/17). Suppose -5*t = -3*z + 772, -7*z + 5*z = -t - j. What are the prime factors of z?
3, 83
Let z = -116 + 67. Let o(g) = -g**3 - 49*g**2 - 16*g + 86. What are the prime factors of o(z)?
2, 3, 5, 29
Let b = -17 - -28. Let z(m) = -m**3 + 16*m**2 - 10*m - 10. Let k be z(b). Suppose -2*q - 45 = -k. What are the prime factors of q?
2, 5, 11
Let a = -2469 + 2536. What are the prime factors of a?
67
Let c(z) = -z**2 - 12*z + 14. Let b be c(-11). Suppose 0 = 5*i - b, 29*x + i = 31*x - 237. What are the prime factors of x?
11
List the prime factors of (-5284 + -8460)/((2/4*-1)/1).
2, 859
Suppose -26 + 80 = -2*v + 2*i, 5*v + 159 = -3*i. List the prime factors of 10/v - (-1036)/12.
2, 43
Let l(y) = -y**3 + 65*y**2 + 144*y - 301. What are the prime factors of l(61)?
3, 7789
Let z = 380 + -156. Suppose -2*g = -z - 1542. List the prime factors of g.
883
Let h = -7728 - -17191. List the prime factors of h.
9463
Let s = 0 + -18. Let a = 117 + s. Suppose 136 = 2*y + h, -3*y + h + a = -95. What are the prime factors of y?
2, 3, 11
List the prime factors of 72/(-20)*(-24 - 16).
2, 3
Suppose 0 = 5*r - 2*v - 33243, 3*v - 168 = -150. List the prime factors of r.
3, 739
Let k be (-133806)/(-12) - (-5 - 36/(-8)). Suppose -47*o + 68*o = k. What are the prime factors of o?
3, 59
Let f be -2 + 3 - (-35)/5. Suppose 0 = 8*m - 10*m + f. Suppose m*h + h - 80 = 0. What are the prime factors of h?
2
Let l(s) = 2*s**3 + 39*s**2 + 28*s + 19. Let i be l(-20). Let d = 1616 + i. What are the prime factors of d?
3, 5
Let a(o) = 637*o**2 + 601*o - 5379. What are the prime factors of a(9)?
3, 17209
List the prime factors of -3 - (5/((-10)/104948))/(172 + -171).
137, 383
Suppose 4*r + 9*r - 1300 = 0. Suppose r + 220 = 2*u + 2*f, -600 = -4*u + 4*f. What are the prime factors of u?
5, 31
Suppose 170*h + 4992368 + 5067638 = 588*h. What are the prime factors of h?
41, 587
Let q be (-42393)/234 - (-2)/12. Let j = 413 + q. What are the prime factors of j?
2, 29
Suppose 4*t + 3*i + 64 = 0, -3*t - 20 - 28 = 5*i. List the prime factors of (-3080)/t - (-20)/(-8).
2, 5, 19
Let j be -1 - 4 - (-16)/2. Suppose 5*c + 3*g + 15 = 6*g, -15 = -j*c - 3*g. Suppose 0*d + 3*d + 3*n - 561 = c, 4*d + 5*n = 745. What are the prime factors of d?
2, 5, 19
Suppose 2*y - 63733 + 15640 = 3*b, -2*y = 5*b - 48133. List the prime factors of y.
2, 3, 19, 211
Let n be -2*(-5 + (-4652)/8). Suppose 0 = -4*k + n + 67. List the prime factors of k.
2, 5, 31
Let n be 0/(-7 + 7 - 1). Suppose -20*q + 2748 + 272 = n. List the prime factors of q.
151
Suppose 12*o = 14*o - 6. Suppose -4*h - 4*n + 27 = -13, -h + o*n = -2. List the prime factors of (-8*(-332)/h)/2.
2, 83
Let r = 252 + -252. Suppose -5*b = 3*f - 1900, 3*f + f = r. What are the prime factors of b?
2, 5, 19
Suppose -173*u + 21110 = -168*u. Suppose -5*l + u = -153. List the prime factors of l.
5, 7
Suppose 52062 - 15584 = 12*f - 59714. What are the prime factors of f?
2, 3, 167
Let t = -39 + 43. Suppose -4*a - 687 = -5*z, 4*z - 4 - 680 = t*a. Let b = a + 251. List the prime factors of b.
83
Let h = 2 - -3. Suppose 0*b + h*z + 250 = 2*b, 0 = 3*b - 2*z - 375. What are the prime factors of b?
5
Let b(d) be the first derivative of d**5/30 + d**4/4 + 11*d**3/6 - 7*d**2 + 2. Let w(g) be the second derivative of b(g). List the prime factors of w(-6).
47
Suppose 8 = 25*h - 23*h. Let t be ((-150)/(-90))/(h/3 - 1). Suppose 382 = -t*f + 1047. List the prime factors of f.
7, 19
Let y = 380 - 250. List the prime factors of 10716/26 + 7 + (-930)/y.
2, 103
Let w(z) be the third derivative of 2/3*z**4 + 0*z - 29/6*z**3 + 6*z**2 + 0. What are the prime factors of w(6)?
67
Let b(j) = -7*j + 163. Let g be b(-17). Suppose -3*s + 3 = -2*p - 1, 3*s = 4*p + 2. Suppose g = c + s*c. List the prime factors of c.
2, 47
Suppose 266 = -2*t + 16*t. Suppose -3*j = -5*v + 95, v - 2*j = -j + t. List the prime factors of v.
19
Let a be (-4322)/(-8) - (-4)/48*-3. Let g be 2/8 + (-33)/(-12). Suppose -y + 6*y = -g*n + a, 3*y + n = 328. List the prime factors of y.
3, 37
Let h be -1 - (5 + -11) - 30*-7. Suppose 5*l + 607 = 3*b, -3*b - 750 + 167 = 5*l. Let q = l + h. What are the prime factors of q?
2, 3
Let s = -10479 + 17177. What are the prime factors of s?
2, 17, 197
Let t be -1*2*(-2)/(-4). Let n(r) = 85*r**3 - 7*r**2 + 10*r - 3. Let b be n(3). What are the prime factors of t/(-1)*b/9?
251
Let j(d) be the third derivative of 19*d**6/72 - d**4/24 - 3*d**3 - 43*d**2. Let o(n) be the first derivative of j(n). List the prime factors of o(1).
2, 47
Let x(d) = 20*d - 342. Let j be x(18). Let h(q) = -q**3 + 20*q**2 - 18*q + 141. What are the prime factors of h(j)?
3, 5, 31
Let r = -23605 + 41473. List the prime factors of r.
2, 3, 1489
Suppose 8 + 4 = -2*x - 2*r, 33 = -3*x + 2*r. Let q = x - -13. Suppose q*k = -4*b + 84, -58 = -4*b + k + 51. List the prime factors of b.
2, 13
Suppose 82*v + 38*v - 1247160 = 0. List the prime factors of v.
19, 547
Let y(m) = -m**2 + 2*m + 31. Let o be y(0). Let c = o + -22. Suppose -133 = -c*w - 7. List the prime factors of w.
2, 7
Let i(f) = 2*f**2 - 24 - 106*f - 5 + 90*f. What are the prime factors of i(-6)?
139
Suppose -46 = 4*x - 70. What are the prime factors of 5286/14 - x/(-14)?
2, 3, 7
Let h(y) = y**2 + 6*y - 24. Let f be h(-8). Let q(n) be the third derivative of -11*n**4/8 - 4*n**3 - 2*n**2. What are the prime factors of q(f)?
2, 3, 5
Let p(o) = -31686*o - 186. List the prime factors of p(-2).
2, 3, 10531
Let j = -212 + 561. Suppose 5*a = 5*y - 1715, y - j = -4*a + 2*a. What are the prime factors of y?
3, 5, 23
Suppose -453*r - 35931 = -454*r. List the prime factors of r.
3, 7, 29, 59
Suppose 4*s = 3*n - 69163, -3*s = 224*n - 228*n + 92215. List the prime factors of n.
23053
Let m = 57512 - 26226. What are the prime factors of m?
2, 15643
Let y(s) = 41*s - 3. Let z be y(2). Suppose -2*n = 3*q + 81, 0*n + q + z = -2*n. Let k = 105 + n. List the prime factors of k.
2, 3, 11
Let d(p) = -p**2 - 2*p + 21. Let g = 41 - 41. Suppose 2 = 2*q - 2*c, q + 0*q + 5*c + 5 = g. What are the prime factors of d(q)?
3, 7
Let u(k) = 5*k - 1. Let r be u(-2). Let y be -7 - (-4 + 0) - r. Suppose y*x = -0*x + 104. List the prime factors of x.
13
Suppose -35*u - 54*u + 516467 = 0. What are the prime factors of u?
7, 829
Suppose -189*k - 97134 = -4*m - 191*k, 4*m + 4*k = 97124. What are the prime factors of m?
2, 12143
Let j(p) = 3*p**3 + 6*p**2 + 10*p + 14. Let n(w) = -2*w**3 - 6*w**2 - 10*w - 15. Let q(k) = 4*j(k) + 5*n(k). What are the prime factors of q(8)?
541
Let x = 23464 + 1377. What are the prime factors of x?
24841
Let w = 71279 - 49950. What are the prime factors of w?
7, 11, 277
Let l(o) = -2*o + 17. Let y be l(4). Suppose -7*a + y = -10*a. Let w = 25 - a. List the prime factors of w.
2, 7
Let f = 4323 + -1468. List the prime factors of f.
5, 571
Let c(p) = 49*p**3 - p**2 + 17*p - 32. Suppose -v - 3*v + g = -9, 0 = -4*g - 4. List the prime factors of c(v).
2, 3, 5, 13
Suppose g = -3*g + 168. Let c = 45 - g. Suppose n - 5*x - 88 = 0, 414 = 5*n - 2*x + c*x. What are the prime factors of n?
83
Let n(o) = -o**3 + 59*o**2 - 40*o + 393. What are the prime factors of n(43)?
3, 9419
Suppose -15904*o = -15877*o - 1753434. What are the prime factors of o?
2, 19, 1709
Suppose -4*i = -f - 5497, 26*i = 21*i - 3*f + 6867. List the prime factors of i.
2, 3, 229
What are the prime factors of ((-4)/((1144/61611)/(-13)))/((-3)/(-58))?
29, 1867
Let u be ((-10)/(-7))/(10/420). What are the prime factors of (-112)/6*(-1710)/u?
2, 7, 19
Let h(i) = i**2 + 11*i + 21. Let p be h(15). Let d = p + 243. List the prime factors of d.
2, 3, 109
Let h(k) = k**3 - 2*k**2 + 2*k - 2. Let g be h(2). Suppose -g*f - 3*b - 68 = b, 0 = -2*b - 8. Let i = f - -42. What are the prime factors of i?
2
Let c(m) be the third derivative of 3*m**5/5 + 3*m**4/8 + 10*m**3 - 47*m**2. List the prime factors of c(-6).
2, 3, 7, 31
Let c(r) = 3*r**2 + 112*r + 292. List the prime factors of c(35).
3, 11, 239
Let d be ((1 - 5) + 5)/((-3)/(-15)). Let m be 11*((-16)/1